 are the prime factors of v?
2, 5, 2971
Suppose 29 = 3*d - 4*g, -3*g - 6 + 0 = 3*d. Suppose -3822 = -4*s - o, -s = -d*o + o - 951. List the prime factors of s.
5, 191
Let h(d) = 58*d**2 + 275*d - 1168. List the prime factors of h(4).
2, 5, 43
Let p(g) = g**3 + 7*g**2 - g - 7. Let h be p(-7). Suppose 2*a = -14 + 24. Suppose a*j + 7 = t, 4*t + h*j = 5*j + 103. List the prime factors of t.
2
Let z = -3597 + 5776. Let t = z - 1256. What are the prime factors of t?
13, 71
Let v = -4683 + 6440. List the prime factors of v.
7, 251
Let j(k) = -8*k - 11. Let d(c) be the third derivative of -23*c**4/24 - 17*c**3/3 - 2*c**2. Let h(p) = 4*d(p) - 11*j(p). List the prime factors of h(-6).
3
Let a(z) = 5*z**2 - z + 2. Suppose t - 3 = 6. Suppose -3 = t*x - 8*x. What are the prime factors of a(x)?
2, 5
Suppose 19*i + 533861 = 61*i - 364519. List the prime factors of i.
2, 3, 5, 23, 31
Let u = 9105 + 870. What are the prime factors of u?
3, 5, 7, 19
Let g = 976 + 12751. List the prime factors of g.
7, 37, 53
Suppose -18*z - d = -339541 - 595125, -2*d + 259626 = 5*z. What are the prime factors of z?
2, 7, 3709
Let y = 179 - 321. Let s = -31 + y. List the prime factors of s/((-3 - -2)*1).
173
Let o = -2485 + 3714. Suppose -14301 = -1236*n + o*n. List the prime factors of n.
3, 227
Let q(f) = 57*f - 69. Let p(g) = 2*g + 30. Let a(c) = 2*p(c) + q(c). Suppose 1 - 13 = -3*n. List the prime factors of a(n).
5, 47
Let i be 20/90 + (-3)/(-27)*799. Let n = -77 + i. List the prime factors of n.
2, 3
Let r(a) = 89*a**2 + 3*a. Let g be r(1). Suppose 7*z - g = -b + 11*z, -57 = -b - 3*z. List the prime factors of b.
2, 3
Let f(p) = 38*p + 108. Let b be f(-8). Let c = -9 - b. What are the prime factors of c?
11, 17
Let d(x) = 4*x**2 - 41*x + 237. What are the prime factors of d(52)?
11, 811
Let c = -4 + -1. List the prime factors of ((-11460)/(-25))/((-2)/c).
2, 3, 191
Let i(m) = m**3 - 3*m - 6. Suppose 0 = -4*u - 5 - 3. Let s(o) = o**3 + 3*o**2 - o - 1. Let y be s(u). What are the prime factors of i(y)?
2, 13
Suppose 0 = 8*s - 3*s - 2*m - 5178, 0 = 5*s + 5*m - 5150. Suppose 2*h - 6*j - s = -4*j, -5*h = -3*j - 2585. List the prime factors of h.
11, 47
Suppose 2*o - 3*k + 2*k - 14 = 0, 20 = 3*o - k. Let q(j) = 4*j**2 + 12*j - 9. List the prime factors of q(o).
3, 23
Suppose 3*x = 7*f + 15053, 0*x + 4*x - 4*f - 20044 = 0. List the prime factors of x.
2, 2503
Let s(j) = -10*j - 51. Let m be s(9). Suppose -2*f = -331 - 151. Let d = m + f. List the prime factors of d.
2, 5
Suppose -5*v - 5*l + 1580 = 0, 3*l = -2*l - 25. Let z(p) = -p**3 + 17*p**2 - 12*p + 38. Let q be z(17). Let r = q + v. List the prime factors of r.
5, 31
Suppose -3*y = -h + 16409, -64*y - 32838 = -2*h - 62*y. List the prime factors of h.
2, 2053
Suppose 3*h - 499 = -d, 3*h = -3*d - 99 + 594. Suppose 3*r + 2*t = 215 + h, 0 = 5*r + t - 632. What are the prime factors of r?
2, 3, 7
Suppose 3*q = -3*y + 39972, -3*y = -q + 11436 + 1856. What are the prime factors of q?
2, 3329
Suppose 9*k = -2*k. Suppose -9*d + 2*d + 1169 = k. What are the prime factors of d?
167
Suppose -3*h + 3*z + 459 = 0, 19*z = 16*z + 15. List the prime factors of h.
2, 79
Let r(y) = -41*y - 94. Let n(d) = -39*d - 95. Let s(m) = 4*n(m) - 3*r(m). What are the prime factors of s(-15)?
397
Let r(l) = -l**3 + 9*l**2 + l - 2. Let g be r(5). Let c(d) = d**2 - 2. Let o be c(7). Let k = o + g. List the prime factors of k.
2, 3, 5
Let f = -148 - -153. Suppose -d + 505 = 6*j - f*j, 0 = j - 4*d - 515. List the prime factors of j.
3, 13
Let u(s) = 21*s + 11. Let w(t) = 4*t + 3. Let r be w(-2). Let k(n) = -20*n - 12. Let c(l) = r*u(l) - 4*k(l). What are the prime factors of c(-5)?
2, 59
Let h(l) = 1155*l - 911. List the prime factors of h(26).
37, 787
Suppose -v + t = -14840, -2*v = 3*t - 1583 - 28087. List the prime factors of v.
2, 3, 2473
Let f = 11 - 19. Let t be (-806)/f - 4/(-16). Suppose -y = -5*q + 131, 8*y - 3*y = -3*q + t. What are the prime factors of q?
3
Suppose -56 = -3*j + 19. Suppose -3*x + 2*z + 5 = 0, -5*z + 0 = 5*x - j. Suppose -c - x*h + 18 = 0, 2*c = 3*h - 2*h + 71. What are the prime factors of c?
3, 11
Suppose 5*p - 33601 = 2*u + 28119, -4*p + 49376 = 3*u. List the prime factors of p.
2, 1543
Let s(b) = -b**3 + 24*b**2 + 26*b + 15. Let x be 5*(-3)/((-6)/10)*1. List the prime factors of s(x).
2, 5
Suppose -30*i - 46*i + 5*i = -1693847. List the prime factors of i.
23857
Let v be -3 + 216/4*79. What are the prime factors of (v/63)/(2/12)?
2, 7, 29
Let j = 161244 + -95286. What are the prime factors of j?
2, 3, 10993
Let u = 2791 - -1211. What are the prime factors of u?
2, 3, 23, 29
Let x = -339 + 319. What are the prime factors of (-19835)/x + 1 + (-9)/12?
2, 31
Let c = 80 - -62. Let g be (-3 - 0)*(202/(-6))/1. Let b = c - g. What are the prime factors of b?
41
List the prime factors of 285/475 - 65841/(-15).
2, 5, 439
Suppose 79345 = 3*w - 2*y, 62 - 22 = -5*y. List the prime factors of w.
31, 853
What are the prime factors of (2/4)/((-60)/(-717720))?
5981
Let o be (6 + -5)*2 - (0 - -2). Suppose o = -11*n + 48 + 271. What are the prime factors of n - (4 - 1 - (-16)/(-8))?
2, 7
Suppose -3*b - 11280 = -5*v, 70 = v + 4*b - 2186. Let j = -1206 + v. What are the prime factors of j?
2, 3, 5, 7
Let h = 107 - 101. Suppose 3*u + 474 = h*u. List the prime factors of u.
2, 79
Suppose -8*h = -9*h + 4*u + 232, h = -u + 212. Suppose 0 = 3*n + 1 - 7. Suppose -4*c + h = n*c. What are the prime factors of c?
2, 3
Suppose -8 + 2 = 6*o. Let g(s) = -236*s**3 - s**2 - s. Let r be g(o). Suppose 27 = 5*q + 2, -3*f + 2*q = -r. List the prime factors of f.
2, 41
Suppose 0 = 10*b - 5*b - 230. Suppose 15*a - b = 13*a. Let v = 36 - a. List the prime factors of v.
13
Let o(j) = 29*j**2 - 23*j + 144. List the prime factors of o(-19).
2, 5, 13, 17
Let d(z) = -z**2 - 29*z - 51. Let n(a) = -2*a - 1. Let j(q) = d(q) + 2*n(q). What are the prime factors of j(-29)?
3, 7
List the prime factors of (-4)/(-4) - (-62687 - 0)*(16 + -15).
2, 3, 653
Suppose -l + 752 = 3*a, -2*a - 155 = -5*l - 662. Let m = -1337 + 1514. Let c = a - m. List the prime factors of c.
2, 37
Let j(o) = 78*o**2 + 60*o - 729. List the prime factors of j(10).
3, 2557
Let g be (-2)/(-2)*(1 - -476). Suppose t = 5*z - 22, 317*t = 319*t + 3*z - 34. Suppose -g = t*f - 1797. List the prime factors of f.
3, 5, 11
Let d(y) = -30*y - 72. Let h be d(-10). Let g = -107 + h. Suppose 3*n + g = 5*i, 11*i - 67 = 8*i - n. What are the prime factors of i?
23
Let g be (9 - 252/27)*27/(-3). Suppose g*h = 2*q - 1225, -3*h + 456 + 799 = 2*q. List the prime factors of q.
2, 5, 31
Let m = 27 + -24. Let a(n) = -7 - n + 32 - 10 + m*n. What are the prime factors of a(4)?
23
Let t(g) be the third derivative of 2*g**5/5 - 11*g**4/24 + 35*g**3/3 - 88*g**2. List the prime factors of t(5).
3, 5, 41
Suppose 159089 + 24269 = 34*x - 8674. What are the prime factors of x?
2, 353
Let k = -7716 + 22508. What are the prime factors of k?
2, 43
Let v = 2947 + 1485. List the prime factors of v.
2, 277
Suppose 3*d + d = 3*k + 13, -4*d + 4*k + 12 = 0. Suppose -d*h + h = -105. List the prime factors of h.
5, 7
Let g(c) = 3*c - 21. Let p be g(9). Suppose r = -k + p, 8*r = 3*r - k + 26. Let u = r - -80. What are the prime factors of u?
5, 17
Suppose -i = -3*d + 155, 3*d - 194 + 23 = -3*i. Let s(h) = 47 - 103 + 32*h + d. List the prime factors of s(2).
61
Suppose 0 = 3*d - 41 + 2. What are the prime factors of 1/d*665 + 96/(-624)?
3, 17
Let x = 2 + -16. Let t = x - -20. What are the prime factors of (-24300)/(-171) + t/(-57)?
2, 71
Let g(r) = -994*r - 1776. What are the prime factors of g(-8)?
2, 193
Suppose -997*k + 998*k = -4*i + 2604, 4*k - 10296 = 4*i. What are the prime factors of k?
2, 3, 5, 43
Let m(a) = 5*a + 38. Let l be m(-7). What are the prime factors of (l - 688)*(-36)/60?
3, 137
Let i(p) = 90*p**3 - p**2 - p + 1. Let k be i(1). Suppose 4*j + 45 = k. Suppose 0 = -5*w + 146 - j. List the prime factors of w.
3
Let n(l) = 39*l + 8. Let g be n(2). Let v = -48 + g. What are the prime factors of v?
2, 19
Let k(w) = w**3 + 11*w**2 + 29*w. Let g be k(-5). Suppose 4*p - 5*h = -3*h + 1000, 0 = -2*p - g*h + 488. What are the prime factors of p?
3, 83
Suppose 191*p - 190*p - 4*n - 12377 = 0, -11*p + 136051 = 4*n. List the prime factors of p.
3, 7